e (-44)/(-10) - 4/d. Suppose 152 = l*y + h + 3*h, 0 = -y - 2*h + 41. Calculate the remainder when y is divided by 19.
16
Suppose -10*a = -a - 9. Let y = 19 + -32. Let k = a - y. Calculate the remainder when 39 is divided by k.
11
Let w = -650 - -685. Calculate the remainder when 174 is divided by w.
34
Suppose 290*j - 286*j - 24 = 0. Let b(a) = 4*a**2 - 3*a - 1. Let h be -1 - (-1)/((-2)/2). What is the remainder when b(h) is divided by j?
3
Let k(d) = 2*d**2 + 3*d + 3. Suppose -2*y = 3*y - 20. Calculate the remainder when k(y) is divided by 1/1 + (0 - -15).
15
Let o(g) = -9*g - 2. Suppose -891 = -5*c + 2*c. Suppose 0 = -5*p + 8*p - c. Calculate the remainder when p is divided by o(-3).
24
Let p(i) = i**3 - i**2 - 6*i + 5. Let g(k) = k**2 + 18*k + 36. Let t be g(-16). Suppose 0 = t*v - 53 - 11. What is the remainder when p(4) is divided by v?
13
Let s = -344 + 368. Suppose 0 = -3*n - 4*f + 167 - 45, -2*f = 8. What is the remainder when n is divided by s?
22
Let t(l) = 3*l**2 - 8*l - 9. Suppose -4*v + 150 = z, -5*v - z - 32 = -220. Calculate the remainder when t(-6) is divided by v.
33
Let s(r) = r**2 + 11*r + 9. Let x be s(-11). Suppose 2*f + 3 = x. What is the remainder when f*(19 - (4 + -4)) is divided by 12?
9
Suppose -24*o = -66*o + 588. Suppose 4*m = 5*d - 486, 3*d + 0*m - 262 = -5*m. Calculate the remainder when d is divided by o.
10
Let k = -99 + 167. Suppose -s = -2*r - k - 7, 2*s + r = 135. Calculate the remainder when s is divided by 18.
15
Let l = 453 + -394. Calculate the remainder when 180 is divided by l.
3
Let s(a) = 126*a**2 - 3*a + 3. What is the remainder when s(1) is divided by 22?
16
Suppose 17 = 4*m - 3*m. Let n(h) = -h**3 + 4*h**2 + 21*h - 7. Calculate the remainder when n(6) is divided by m.
13
Let a = 55 - 46. Let m(f) = f**2 - 9*f + 7. What is the remainder when 13 is divided by m(a)?
6
Let c be 28/(-6)*(-15)/10. Suppose 0 = 5*a - 5*z - 20, -3*z - c = -3*a - z. Calculate the remainder when 24 is divided by 39*(a - (-16)/12).
11
Let n(w) = 10*w + 1. Suppose 0 = 4*p + 16, 4*a = -4*p - 19 - 13. Let o be (a/(-3))/(12/18). What is the remainder when n(o) is divided by 12?
9
Suppose -22*k = -20*k - f - 62, k - f = 33. Calculate the remainder when 95 is divided by k.
8
Let d = -341 + 387. What is the remainder when d is divided by 33?
13
Suppose -32 = -8*q + 320. What is the remainder when q is divided by 28?
16
Suppose 61*i = -213 + 25833. What is the remainder when i is divided by 107?
99
Suppose 3*o - 5*k - 49 = 0, -33*o = -37*o + 3*k + 69. Calculate the remainder when 57 is divided by o.
3
Let v = -61 + 110. What is the remainder when 683 is divided by v?
46
Suppose 0 = -3*r - 4*i - 82, 0 = -2*r + i - 4*i - 53. Let f = r + 66. Calculate the remainder when f is divided by 9.
5
Let w = -69 - -70. What is the remainder when 75 is divided by 3/9*(56 + w)?
18
Suppose 3*o - s = 60, 0 = o + 68*s - 73*s - 48. What is the remainder when (213/2)/(-3)*-2 is divided by o?
17
Suppose q - 32 = -q. Suppose -2*m = -0*m - q. What is the remainder when 21 is divided by m?
5
Let p = -2 - -6. Suppose -987 - 165 = -48*c. Calculate the remainder when c is divided by p.
0
Suppose -2*l = 3*s - 138, -3*s + 4*l = -2*s - 60. Suppose -3*k - 2*k + 690 = 0. Calculate the remainder when k is divided by s.
42
Let i = -42 + 60. Suppose -365*b = -393*b + 1736. Calculate the remainder when b is divided by i.
8
What is the remainder when (10/20*2)/(1/227) is divided by 63?
38
Suppose 2*j - 3*y - 25 = 0, 2*j - 2*y = 13 + 13. Let z = j - -2. Calculate the remainder when 31 is divided by z.
15
Suppose -10*o + 11*o - 16 = 0. What is the remainder when 189 is divided by o?
13
Let o(q) = q**2 - 54*q + 414. Suppose 5*x - 35 = -0*x. Let s = 11 - x. Calculate the remainder when o(9) is divided by s.
1
Let n = 169 - 51. Let g = -83 + n. What is the remainder when g is divided by 9?
8
Let h(x) = -7*x**3 - x**2 - x. Let t be h(-1). Suppose -4*q - 4*g = -84, -4*g = -2*q - t*g + 45. What is the remainder when q is divided by 11?
7
Suppose -27*a + 25*a = -50. Suppose 2*o - 6 = 5*o. Calculate the remainder when a is divided by 14/(o/(-2 + 1)).
4
Suppose -3*o + 2*j = -54, 5*o - 5*j = 85 + 10. Suppose 12 = 2*g - 6. Calculate the remainder when o is divided by g.
7
Let f be (-2)/(2/3) + -5. Let i = f - -14. What is the remainder when 10 is divided by i?
4
Suppose -3*x = 3*o - 51, 0 = 5*o + 18*x - 16*x - 100. Calculate the remainder when 189 is divided by o.
13
Let l be (-45)/18*(-6)/(-5). Let k be (l - (-7 - -3))*1. What is the remainder when (k - (-11 - 3))*1 is divided by 8?
7
Let b be (-3 + -1)/(1/2). Let g = b - -25. Let f(t) = -t + 50. Calculate the remainder when f(0) is divided by g.
16
Suppose w + 4*x = 21, -5*w + 2*x = 3*x - 67. Let q = w - -20. Calculate the remainder when q is divided by 2/(-8) - (-207)/12.
16
Let d(a) = -21*a - 1. Calculate the remainder when d(-1) is divided by 19/((-133)/(-140))*(-2)/(-5).
4
Let r(b) = b**3 + 4*b**2 - 3*b - 3. Let j be r(2). Calculate the remainder when ((-350)/j)/((-1)/3) is divided by 24.
22
Let c(g) = 2*g**2 + 8*g + 10. Calculate the remainder when 99 is divided by c(-5).
19
Suppose 138 = 2*m + u, 64 = 2*m - m - 2*u. Let a = m + -34. What is the remainder when a is divided by 18?
16
Let b(i) = 2*i**2 + 12*i - 1. Let v be b(-4). Let w = 44 + v. Calculate the remainder when 132 is divided by w.
24
Let y = 62 - -16. Let s(g) = -g**2 - 18*g - 16. What is the remainder when y is divided by s(-14)?
38
What is the remainder when 2/(-5) - 156/(-15) is divided by -2*9*1/(-6)?
1
Let k = -376 + 431. What is the remainder when k is divided by 27?
1
Let p = -331 + 367. Calculate the remainder when 608 is divided by p.
32
Suppose -6 = -m - 2*c, -c + 18 = 4*m + c. Suppose 4 = m*w - 2*w. Suppose -w*g + 5 + 13 = 0. Calculate the remainder when 15 is divided by g.
6
Let u be -1*0/((-2)/1). What is the remainder when u + 276 + 12/(-4) is divided by 46?
43
Suppose 32*b - 34*b + z + 165 = 0, -b - 4*z = -96. What is the remainder when b is divided by (52/12 - -3)*3?
18
Suppose 7*l = 22*l - 960. What is the remainder when l is divided by 23?
18
Let g(i) be the first derivative of i**4/4 - 8*i**3/3 - i**2/2 + 5*i - 3. Let s be g(8). Let k = 3 - s. Calculate the remainder when 16 is divided by k.
4
Let j be 9/(-3) + 0 - -5. Suppose -3*z = 5*x + j*z - 20, 5*x - 4*z = 56. Let t(u) = -u**2 + 9*u - 3. What is the remainder when t(x) is divided by 3?
2
Let j = 473 - 451. What is the remainder when 84 is divided by j?
18
Let k = -2147 + 2154. Let v(b) = 21*b - 1. Calculate the remainder when v(1) is divided by k.
6
Suppose -151 + 331 = 12*a. Calculate the remainder when 33 is divided by a.
3
Let t(u) = u**2 + 20*u + 103. Calculate the remainder when 281 is divided by t(-9).
1
Suppose 15*b - 13 = 2. Suppose f + z - 74 = 0, 2*z + 5 = -b. Calculate the remainder when f is divided by 26.
25
Let j = -60 - -114. Let t = 15 - 1. Calculate the remainder when j is divided by t.
12
Suppose 4*g = 2*v + 38, 5*g + v - 53 = g. Calculate the remainder when 0 - (2 + 1) - (35 + -83) is divided by g.
9
Let b = 38 + -29. Calculate the remainder when -4*(-2)/(8/53) is divided by b.
8
Suppose -3*n + 2*o = -30 - 9, 5*n - 87 = -4*o. Let y(p) = 2*p - 3. Let m be y(3). Calculate the remainder when 2/m*(-354)/(-4) is divided by n.
14
Suppose -5*g + 67 = -63. Calculate the remainder when g is divided by 7.
5
Let w = -1036 - -1045. Suppose r = 3*c - 4*r + 8, 0 = 4*c - 4*r. Suppose -75 = b - c*b. Calculate the remainder when b is divided by w.
7
Let w(g) = -4 - 10 + 6*g**2 + 5*g + g**3 + 16. Let z be w(-5). Suppose z*o - 3*o = -7. Calculate the remainder when o is divided by 5.
2
Let b(s) = -3*s - 28. Let n be b(-16). What is the remainder when 16 - n/(-5) - 4 is divided by 5?
1
Let h = -10 - -8. Let t = h - 0. What is the remainder when 7 is divided by (-1 + -1)/2*t?
1
Suppose 2*g = 2*f + 200, -3*f + 4*f - 92 = -g. What is the remainder when g is divided by 3 + (-3)/(5/((-1150)/15))?
47
Let q(r) = r**3 - 14*r**2 - 6*r + 24. Let i be q(16). Suppose i = 13*h - 8*h. What is the remainder when h is divided by 23?
19
Suppose 4*a + 4*z = 108, -a + 31 = -6*z + 3*z. Suppose 2*o = 3*b - a, 3*o = 13 - 1. Let k = 108 + -104. Calculate the remainder when b is divided by k.
0
Let t(x) = -13*x